57
What are the prime factors of 234904?
2, 29363
What are the prime factors of 230936?
2, 28867
What are the prime factors of 423469?
423469
List the prime factors of 28609918.
2, 14304959
What are the prime factors of 4999292?
2, 17, 37, 1987
What are the prime factors of 8103380?
2, 5, 97, 4177
List the prime factors of 516194.
2, 7, 36871
List the prime factors of 1205399.
13, 92723
List the prime factors of 2744256.
2, 3, 14293
List the prime factors of 69375.
3, 5, 37
List the prime factors of 10184726.
2, 131, 38873
What are the prime factors of 19611302?
2, 17, 67, 8609
What are the prime factors of 9315649?
7, 43, 30949
List the prime factors of 26100659.
13, 127, 15809
What are the prime factors of 2621357?
73, 149, 241
What are the prime factors of 9458366?
2, 43, 109, 1009
What are the prime factors of 266297?
266297
What are the prime factors of 22071271?
22071271
List the prime factors of 20070665.
5, 4014133
What are the prime factors of 600830?
2, 5, 60083
List the prime factors of 194268.
2, 3, 16189
What are the prime factors of 596169?
3, 7, 9463
What are the prime factors of 326739?
3, 7, 15559
List the prime factors of 331751.
7, 83, 571
List the prime factors of 1774684.
2, 29, 15299
What are the prime factors of 225330?
2, 3, 5, 7, 29, 37
What are the prime factors of 22171595?
5, 181, 24499
What are the prime factors of 649024?
2, 10141
List the prime factors of 1034002.
2, 37, 89, 157
List the prime factors of 8612575.
5, 31, 11113
What are the prime factors of 62692?
2, 7, 2239
What are the prime factors of 1696372?
2, 424093
What are the prime factors of 273753?
3, 10139
List the prime factors of 68971.
7, 59, 167
List the prime factors of 123284.
2, 7, 17, 37
What are the prime factors of 985280?
2, 5, 3079
What are the prime factors of 9245566?
2, 11, 420253
List the prime factors of 831821.
831821
What are the prime factors of 16506113?
13, 167, 7603
What are the prime factors of 3347462?
2, 1673731
List the prime factors of 5620911.
3, 1873637
List the prime factors of 21358722.
2, 3, 7, 11, 83, 557
List the prime factors of 457640.
2, 5, 17, 673
List the prime factors of 377175.
3, 5, 47, 107
List the prime factors of 251299.
79, 3181
What are the prime factors of 45232?
2, 11, 257
List the prime factors of 3771489.
3, 1257163
What are the prime factors of 3201914?
2, 1600957
List the prime factors of 902130.
2, 3, 5, 30071
List the prime factors of 117963.
3, 17, 257
List the prime factors of 3049356.
2, 3, 59, 73
What are the prime factors of 7303590?
2, 3, 5, 7, 11593
List the prime factors of 7736700.
2, 3, 5, 17, 37, 41
List the prime factors of 14935388.
2, 13, 287219
What are the prime factors of 6473688?
2, 3, 13, 20749
List the prime factors of 2146158.
2, 3, 7, 17033
What are the prime factors of 2845371?
3, 948457
What are the prime factors of 110716?
2, 89, 311
What are the prime factors of 8586553?
37, 239, 971
What are the prime factors of 60706?
2, 127, 239
List the prime factors of 308574.
2, 3, 7, 31, 79
What are the prime factors of 5414205?
3, 5, 360947
What are the prime factors of 622736?
2, 38921
List the prime factors of 908340.
2, 3, 5, 15139
What are the prime factors of 1326273?
3, 13, 31, 1097
What are the prime factors of 172778?
2, 86389
List the prime factors of 404017.
404017
List the prime factors of 1132849.
283, 4003
List the prime factors of 79593.
3, 43, 617
What are the prime factors of 11302095?
3, 5, 7, 15377
List the prime factors of 22017752.
2, 2752219
What are the prime factors of 78961?
281
List the prime factors of 15654129.
3, 499, 10457
List the prime factors of 434265.
3, 5, 13, 17, 131
What are the prime factors of 6642770?
2, 5, 101, 6577
What are the prime factors of 3368982?
2, 3, 113, 4969
What are the prime factors of 3895218?
2, 3, 216401
What are the prime factors of 312697?
7, 11, 31, 131
What are the prime factors of 10802551?
61, 177091
What are the prime factors of 299487?
3, 99829
What are the prime factors of 15419464?
2, 1927433
List the prime factors of 9208054.
2, 31, 148517
What are the prime factors of 165627?
3, 7, 11, 239
List the prime factors of 5463552.
2, 3, 3557
List the prime factors of 440195.
5, 7, 12577
What are the prime factors of 564358?
2, 181, 1559
What are the prime factors of 10919735?
5, 41, 53267
List the prime factors of 130699.
130699
List the prime factors of 1480533.
3, 23, 43, 499
What are the prime factors of 9194127?
3, 17, 41, 4397
List the prime factors of 35027.
35027
List the prime factors of 2599314.
2, 3, 19, 151
What are the prime factors of 20152350?
2, 3, 5, 19, 2357
What are the prime factors of 1901485?
5, 89, 4273
List the prime factors of 659234.
2, 329617
What are the prime factors of 1334472?
2, 3, 55603
List the prime factors of 119830.
2, 5, 23, 521
List the prime factors of 5165832.
2, 3, 7, 97, 317
List the prime factors of 252269.
347, 727
List the prime factors of 8066908.
2, 17, 97, 1223
List the prime factors of 2019768.
2, 3, 23, 3659
What are the prime factors of 497046?
2, 3, 11, 17, 443
List the prime factors of 537705.
3, 5, 7, 569
What are the prime factors of 352119?
3, 117373
List the prime factors of 9568856.
2, 11, 19, 59, 97
What are the prime factors of 441551?
11, 137, 293
List the prime factors of 5187558.
2, 3, 23, 37591
What are the prime factors of 393705?
3, 5, 13, 673
What are the prime factors of 179014?
2, 11, 79, 103
List the prime factors of 243754.
2, 7, 23, 757
List the prime factors of 14150016.
2, 3, 71, 173
List the prime factors of 449847.
3, 16661
What are the prime factors of 2313790?
2, 5, 231379
List the prime factors of 48207.
3, 16069
What are the prime factors of 327587?
13, 113, 223
List the prime factors of 378106.
2, 97, 1949
List the prime factors of 1909431.
3, 53, 4003
List the prime factors of 12805347.
3, 71, 79, 761
List the prime factors of 383565.
3, 5, 7, 13, 281
What are the prime factors of 1717418?
2, 858709
What are the prime factors of 36611?
31, 1181
What are the prime factors of 3914763?
3, 43, 30347
List the prime factors of 9519767.
37, 457, 563
What are the prime factors of 339022?
2, 337, 503
What are the prime factors of 16995950?
2, 5, 37, 9187
List the prime factors of 55898.
2, 19, 1471
What are the prime factors of 1431168?
2, 3, 3727
What are the prime factors of 604206?
2, 3, 67, 167
What are the prime factors of 81648?
2, 3, 7
What are the prime factors of 5167896?
2, 3, 215329
List the prime factors of 6955444.
2, 19, 71, 1289
What are the prime factors of 932176?
2, 7, 29, 41
List the prime factors of 48204.
2, 3, 13, 103
List the prime factors of 35908841.
19, 167, 11317
List the prime factors of 6793136.
2, 7, 131, 463
List the prime factors of 362847.
3, 79, 1531
What are the prime factors of 206864?
2, 7, 1847
What are the prime factors of 228135?
3, 5, 67, 227
List the prime factors of 10379687.
389, 26683
What are the prime factors of 256319?
7, 5231
What are the prime factors of 19499590?
2, 5, 11, 177269
What are the prime factors of 2102363?
167, 12589
List the prime factors of 188820.
2, 3, 5, 1049
List the prime factors of 114243.
3, 113, 337
What are the prime factors of 1217706?
2, 3, 7, 79, 367
What are the prime factors of 1281851?
17, 75403
List the prime factors of 1016677.
41, 137, 181
List the prime factors of 432471.
3, 13, 853
List the prime factors of 1030278.
2, 3, 171713
List the prime factors of 562750.
2, 5, 2251
What are the prime factors of 71623?
67, 1069
List the prime factors of 979423.
979423
List the prime factors of 7715631.
3, 7, 11, 127, 263
List the prime factors of 405783.
3, 7, 19, 113
What are the prime factors of 347047?
23, 79, 191
What are the prime factors of 562009?
7, 80287
List the prime factors of 2068820.
2, 5, 13, 73, 109
List the prime factors of 205711.
11, 18701
List the prime factors of 482342.
2, 7, 131, 263
List the prime factors of 1246467.
3, 415489
What are the prime factors of 872533?
872533
What are the prime factors of 54607?
7, 29, 269
What are the prime factors of 1933877?
11, 19, 487
What are the prime factors of 284784?
2, 3, 17, 349
List the prime factors of 308906.
2, 13, 109
What are the prime factors of 61499?
89, 691
List the prime factors of 268940.
2, 5